{"id":41278,"date":"2025-05-30T14:50:33","date_gmt":"2025-05-30T19:50:33","guid":{"rendered":"https:\/\/flordeliz.com\/?post_type=product&#038;p=41278"},"modified":"2026-04-14T07:32:09","modified_gmt":"2026-04-14T12:32:09","slug":"creta","status":"publish","type":"product","link":"https:\/\/flordeliz.com\/en\/product\/creta\/","title":{"rendered":"Creta"},"content":{"rendered":"","protected":false},"excerpt":{"rendered":"<p data-start=\"58\" data-end=\"242\">Elegante arreglo con rosas, lirios y rusgo en base de vidrio.<\/p>\n<p data-start=\"58\" data-end=\"242\">Perfecto para el D\u00eda de las Madres, aniversarios, felicitaciones, San Valent\u00edn o para celebrar el amor y la amistad.<\/p>\n<p>*Base sujeta a cambios seg\u00fan disponibilidad.<\/p>","protected":false},"featured_media":41069,"comment_status":"open","ping_status":"closed","template":"","meta":[],"product_brand":[],"product_cat":[170,140,171,230,141,190,173],"product_tag":[],"class_list":{"0":"post-41278","1":"product","2":"type-product","3":"status-publish","4":"has-post-thumbnail","6":"product_cat-aniversario","7":"product_cat-arreglos-naturales","8":"product_cat-dia-de-las-madres","9":"product_cat-felicitaciones","10":"product_cat-natural","11":"product_cat-rosas-rojas-arreglos-naturales","12":"product_cat-amor-y-amistad","13":"product_shipping_class-gratis-san-valentin","16":"first","17":"instock","18":"shipping-taxable","19":"purchasable","20":"product-type-simple"},"yoast_head":"<!-- This site is optimized with the Yoast SEO plugin v27.5 - https:\/\/yoast.com\/product\/yoast-seo-wordpress\/ -->\n<title>Dise\u00f1o Floral Creta | Elegancia Natural en Flor de Liz<\/title>\n<meta name=\"description\" content=\"El arreglo Creta combina colores y texturas de manera excepcional. Regale una pieza \u00fanica de arte floral con la garant\u00eda de satisfacci\u00f3n de Flor de Liz\" \/>\n<meta name=\"robots\" content=\"index, follow, max-snippet:-1, max-image-preview:large, max-video-preview:-1\" \/>\n<link rel=\"canonical\" href=\"https:\/\/flordeliz.com\/en\/product\/creta\/\" \/>\n<meta property=\"og:locale\" content=\"en_US\" \/>\n<meta property=\"og:type\" content=\"article\" \/>\n<meta property=\"og:title\" content=\"Dise\u00f1o Floral Creta | Elegancia Natural en Flor de Liz\" \/>\n<meta property=\"og:description\" content=\"El arreglo Creta combina colores y texturas de manera excepcional. Regale una pieza \u00fanica de arte floral con la garant\u00eda de satisfacci\u00f3n de Flor de Liz\" \/>\n<meta property=\"og:url\" content=\"https:\/\/flordeliz.com\/en\/product\/creta\/\" \/>\n<meta property=\"og:site_name\" content=\"Bienvenidos a Flor de Liz | Tienda virtual de Flores en Barranquilla\" \/>\n<meta property=\"article:publisher\" content=\"https:\/\/www.facebook.com\/Flordelizbq\" \/>\n<meta property=\"article:modified_time\" content=\"2026-04-14T12:32:09+00:00\" \/>\n<meta property=\"og:image\" content=\"https:\/\/flordeliz.com\/wp-content\/uploads\/2025\/05\/2000-\u00d7-2000-Photoroom-15.jpg\" \/>\n\t<meta property=\"og:image:width\" content=\"2000\" \/>\n\t<meta property=\"og:image:height\" content=\"2000\" \/>\n\t<meta property=\"og:image:type\" content=\"image\/jpeg\" \/>\n<meta name=\"twitter:card\" content=\"summary_large_image\" \/>\n<meta name=\"twitter:label1\" content=\"Est. reading time\" \/>\n\t<meta name=\"twitter:data1\" content=\"1 minute\" \/>\n<script type=\"application\/ld+json\" class=\"yoast-schema-graph\">{\"@context\":\"https:\\\/\\\/schema.org\",\"@graph\":[{\"@type\":\"WebPage\",\"@id\":\"https:\\\/\\\/flordeliz.com\\\/product\\\/creta\\\/\",\"url\":\"https:\\\/\\\/flordeliz.com\\\/product\\\/creta\\\/\",\"name\":\"Dise\u00f1o Floral Creta | Elegancia Natural en Flor de Liz\",\"isPartOf\":{\"@id\":\"https:\\\/\\\/flordeliz.com\\\/#website\"},\"primaryImageOfPage\":{\"@id\":\"https:\\\/\\\/flordeliz.com\\\/product\\\/creta\\\/#primaryimage\"},\"image\":{\"@id\":\"https:\\\/\\\/flordeliz.com\\\/product\\\/creta\\\/#primaryimage\"},\"thumbnailUrl\":\"https:\\\/\\\/flordeliz.com\\\/wp-content\\\/uploads\\\/2025\\\/05\\\/2000-\u00d7-2000-Photoroom-15.webp\",\"datePublished\":\"2025-05-30T19:50:33+00:00\",\"dateModified\":\"2026-04-14T12:32:09+00:00\",\"description\":\"El arreglo Creta combina colores y texturas de manera excepcional. Regale una pieza \u00fanica de arte floral con la garant\u00eda de satisfacci\u00f3n de Flor de Liz\",\"breadcrumb\":{\"@id\":\"https:\\\/\\\/flordeliz.com\\\/product\\\/creta\\\/#breadcrumb\"},\"inLanguage\":\"en-US\",\"potentialAction\":[{\"@type\":\"ReadAction\",\"target\":[\"https:\\\/\\\/flordeliz.com\\\/product\\\/creta\\\/\"]}]},{\"@type\":\"ImageObject\",\"inLanguage\":\"en-US\",\"@id\":\"https:\\\/\\\/flordeliz.com\\\/product\\\/creta\\\/#primaryimage\",\"url\":\"https:\\\/\\\/flordeliz.com\\\/wp-content\\\/uploads\\\/2025\\\/05\\\/2000-\u00d7-2000-Photoroom-15.webp\",\"contentUrl\":\"https:\\\/\\\/flordeliz.com\\\/wp-content\\\/uploads\\\/2025\\\/05\\\/2000-\u00d7-2000-Photoroom-15.webp\",\"width\":2000,\"height\":2000},{\"@type\":\"BreadcrumbList\",\"@id\":\"https:\\\/\\\/flordeliz.com\\\/product\\\/creta\\\/#breadcrumb\",\"itemListElement\":[{\"@type\":\"ListItem\",\"position\":1,\"name\":\"Portada\",\"item\":\"https:\\\/\\\/flordeliz.com\\\/\"},{\"@type\":\"ListItem\",\"position\":2,\"name\":\"Shop\",\"item\":\"https:\\\/\\\/flordeliz.com\\\/shop\\\/\"},{\"@type\":\"ListItem\",\"position\":3,\"name\":\"Creta\"}]},{\"@type\":\"WebSite\",\"@id\":\"https:\\\/\\\/flordeliz.com\\\/#website\",\"url\":\"https:\\\/\\\/flordeliz.com\\\/\",\"name\":\"Bienvenidos a Flor de Liz | Tienda virtual de Flores en Barranquilla\",\"description\":\"La tienda de Flores con m\u00e1s prestigio en Barranquilla\",\"publisher\":{\"@id\":\"https:\\\/\\\/flordeliz.com\\\/#organization\"},\"potentialAction\":[{\"@type\":\"SearchAction\",\"target\":{\"@type\":\"EntryPoint\",\"urlTemplate\":\"https:\\\/\\\/flordeliz.com\\\/?s={search_term_string}\"},\"query-input\":{\"@type\":\"PropertyValueSpecification\",\"valueRequired\":true,\"valueName\":\"search_term_string\"}}],\"inLanguage\":\"en-US\"},{\"@type\":\"Organization\",\"@id\":\"https:\\\/\\\/flordeliz.com\\\/#organization\",\"name\":\"Bienvenidos a Flor de Liz | Tienda virtual de Flores en Barranquilla\",\"url\":\"https:\\\/\\\/flordeliz.com\\\/\",\"logo\":{\"@type\":\"ImageObject\",\"inLanguage\":\"en-US\",\"@id\":\"https:\\\/\\\/flordeliz.com\\\/#\\\/schema\\\/logo\\\/image\\\/\",\"url\":\"https:\\\/\\\/flordeliz.com\\\/wp-content\\\/uploads\\\/2023\\\/09\\\/new-logo-flordeliz.png\",\"contentUrl\":\"https:\\\/\\\/flordeliz.com\\\/wp-content\\\/uploads\\\/2023\\\/09\\\/new-logo-flordeliz.png\",\"width\":526,\"height\":448,\"caption\":\"Bienvenidos a Flor de Liz | Tienda virtual de Flores en Barranquilla\"},\"image\":{\"@id\":\"https:\\\/\\\/flordeliz.com\\\/#\\\/schema\\\/logo\\\/image\\\/\"},\"sameAs\":[\"https:\\\/\\\/www.facebook.com\\\/Flordelizbq\",\"https:\\\/\\\/www.instagram.com\\\/flordelizbq\\\/\"]}]}<\/script>\n<!-- \/ Yoast SEO plugin. -->","yoast_head_json":{"title":"Dise\u00f1o Floral Creta | Elegancia Natural en Flor de Liz","description":"El arreglo Creta combina colores y texturas de manera excepcional. Regale una pieza \u00fanica de arte floral con la garant\u00eda de satisfacci\u00f3n de Flor de Liz","robots":{"index":"index","follow":"follow","max-snippet":"max-snippet:-1","max-image-preview":"max-image-preview:large","max-video-preview":"max-video-preview:-1"},"canonical":"https:\/\/flordeliz.com\/en\/product\/creta\/","og_locale":"en_US","og_type":"article","og_title":"Dise\u00f1o Floral Creta | Elegancia Natural en Flor de Liz","og_description":"El arreglo Creta combina colores y texturas de manera excepcional. Regale una pieza \u00fanica de arte floral con la garant\u00eda de satisfacci\u00f3n de Flor de Liz","og_url":"https:\/\/flordeliz.com\/en\/product\/creta\/","og_site_name":"Bienvenidos a Flor de Liz | Tienda virtual de Flores en Barranquilla","article_publisher":"https:\/\/www.facebook.com\/Flordelizbq","article_modified_time":"2026-04-14T12:32:09+00:00","og_image":[{"width":2000,"height":2000,"url":"https:\/\/flordeliz.com\/wp-content\/uploads\/2025\/05\/2000-\u00d7-2000-Photoroom-15.jpg","type":"image\/jpeg"}],"twitter_card":"summary_large_image","twitter_misc":{"Est. reading time":"1 minute"},"schema":{"@context":"https:\/\/schema.org","@graph":[{"@type":"WebPage","@id":"https:\/\/flordeliz.com\/product\/creta\/","url":"https:\/\/flordeliz.com\/product\/creta\/","name":"Dise\u00f1o Floral Creta | Elegancia Natural en Flor de Liz","isPartOf":{"@id":"https:\/\/flordeliz.com\/#website"},"primaryImageOfPage":{"@id":"https:\/\/flordeliz.com\/product\/creta\/#primaryimage"},"image":{"@id":"https:\/\/flordeliz.com\/product\/creta\/#primaryimage"},"thumbnailUrl":"https:\/\/flordeliz.com\/wp-content\/uploads\/2025\/05\/2000-\u00d7-2000-Photoroom-15.webp","datePublished":"2025-05-30T19:50:33+00:00","dateModified":"2026-04-14T12:32:09+00:00","description":"El arreglo Creta combina colores y texturas de manera excepcional. Regale una pieza \u00fanica de arte floral con la garant\u00eda de satisfacci\u00f3n de Flor de Liz","breadcrumb":{"@id":"https:\/\/flordeliz.com\/product\/creta\/#breadcrumb"},"inLanguage":"en-US","potentialAction":[{"@type":"ReadAction","target":["https:\/\/flordeliz.com\/product\/creta\/"]}]},{"@type":"ImageObject","inLanguage":"en-US","@id":"https:\/\/flordeliz.com\/product\/creta\/#primaryimage","url":"https:\/\/flordeliz.com\/wp-content\/uploads\/2025\/05\/2000-\u00d7-2000-Photoroom-15.webp","contentUrl":"https:\/\/flordeliz.com\/wp-content\/uploads\/2025\/05\/2000-\u00d7-2000-Photoroom-15.webp","width":2000,"height":2000},{"@type":"BreadcrumbList","@id":"https:\/\/flordeliz.com\/product\/creta\/#breadcrumb","itemListElement":[{"@type":"ListItem","position":1,"name":"Portada","item":"https:\/\/flordeliz.com\/"},{"@type":"ListItem","position":2,"name":"Shop","item":"https:\/\/flordeliz.com\/shop\/"},{"@type":"ListItem","position":3,"name":"Creta"}]},{"@type":"WebSite","@id":"https:\/\/flordeliz.com\/#website","url":"https:\/\/flordeliz.com\/","name":"Bienvenidos a Flor de Liz | Tienda virtual de Flores en Barranquilla","description":"La tienda de Flores con m\u00e1s prestigio en Barranquilla","publisher":{"@id":"https:\/\/flordeliz.com\/#organization"},"potentialAction":[{"@type":"SearchAction","target":{"@type":"EntryPoint","urlTemplate":"https:\/\/flordeliz.com\/?s={search_term_string}"},"query-input":{"@type":"PropertyValueSpecification","valueRequired":true,"valueName":"search_term_string"}}],"inLanguage":"en-US"},{"@type":"Organization","@id":"https:\/\/flordeliz.com\/#organization","name":"Bienvenidos a Flor de Liz | Tienda virtual de Flores en Barranquilla","url":"https:\/\/flordeliz.com\/","logo":{"@type":"ImageObject","inLanguage":"en-US","@id":"https:\/\/flordeliz.com\/#\/schema\/logo\/image\/","url":"https:\/\/flordeliz.com\/wp-content\/uploads\/2023\/09\/new-logo-flordeliz.png","contentUrl":"https:\/\/flordeliz.com\/wp-content\/uploads\/2023\/09\/new-logo-flordeliz.png","width":526,"height":448,"caption":"Bienvenidos a Flor de Liz | Tienda virtual de Flores en Barranquilla"},"image":{"@id":"https:\/\/flordeliz.com\/#\/schema\/logo\/image\/"},"sameAs":["https:\/\/www.facebook.com\/Flordelizbq","https:\/\/www.instagram.com\/flordelizbq\/"]}]}},"_links":{"self":[{"href":"https:\/\/flordeliz.com\/en\/wp-json\/wp\/v2\/product\/41278","targetHints":{"allow":["GET"]}}],"collection":[{"href":"https:\/\/flordeliz.com\/en\/wp-json\/wp\/v2\/product"}],"about":[{"href":"https:\/\/flordeliz.com\/en\/wp-json\/wp\/v2\/types\/product"}],"replies":[{"embeddable":true,"href":"https:\/\/flordeliz.com\/en\/wp-json\/wp\/v2\/comments?post=41278"}],"wp:featuredmedia":[{"embeddable":true,"href":"https:\/\/flordeliz.com\/en\/wp-json\/wp\/v2\/media\/41069"}],"wp:attachment":[{"href":"https:\/\/flordeliz.com\/en\/wp-json\/wp\/v2\/media?parent=41278"}],"wp:term":[{"taxonomy":"product_brand","embeddable":true,"href":"https:\/\/flordeliz.com\/en\/wp-json\/wp\/v2\/product_brand?post=41278"},{"taxonomy":"product_cat","embeddable":true,"href":"https:\/\/flordeliz.com\/en\/wp-json\/wp\/v2\/product_cat?post=41278"},{"taxonomy":"product_tag","embeddable":true,"href":"https:\/\/flordeliz.com\/en\/wp-json\/wp\/v2\/product_tag?post=41278"}],"curies":[{"name":"wp","href":"https:\/\/api.w.org\/{rel}","templated":true}]}}

<p data-start="58" data-end="242">Elegante arreglo con rosas, lirios y rusgo en base de vidrio.</p>
<p data-start="58" data-end="242">Perfecto para el Día de las Madres, aniversarios, felicitaciones, San Valentín o para celebrar el amor y la amistad.</p>
<p>*Base sujeta a cambios según disponibilidad.</p>

<!-- This site is optimized with the Yoast SEO plugin v27.5 - https://yoast.com/product/yoast-seo-wordpress/ -->
<title>Diseño Floral Creta | Elegancia Natural en Flor de Liz</title>
<meta name="description" content="El arreglo Creta combina colores y texturas de manera excepcional. Regale una pieza única de arte floral con la garantía de satisfacción de Flor de Liz" />
<meta name="robots" content="index, follow, max-snippet:-1, max-image-preview:large, max-video-preview:-1" />
<link rel="canonical" href="https://flordeliz.com/en/product/creta/" />
<meta property="og:locale" content="en_US" />
<meta property="og:type" content="article" />
<meta property="og:title" content="Diseño Floral Creta | Elegancia Natural en Flor de Liz" />
<meta property="og:description" content="El arreglo Creta combina colores y texturas de manera excepcional. Regale una pieza única de arte floral con la garantía de satisfacción de Flor de Liz" />
<meta property="og:url" content="https://flordeliz.com/en/product/creta/" />
<meta property="og:site_name" content="Bienvenidos a Flor de Liz | Tienda virtual de Flores en Barranquilla" />
<meta property="article:publisher" content="https://www.facebook.com/Flordelizbq" />
<meta property="article:modified_time" content="2026-04-14T12:32:09+00:00" />
<meta property="og:image" content="https://flordeliz.com/wp-content/uploads/2025/05/2000-×-2000-Photoroom-15.jpg" />
	<meta property="og:image:width" content="2000" />
	<meta property="og:image:height" content="2000" />
	<meta property="og:image:type" content="image/jpeg" />
<meta name="twitter:card" content="summary_large_image" />
<meta name="twitter:label1" content="Est. reading time" />
	<meta name="twitter:data1" content="1 minute" />
<script type="application/ld+json" class="yoast-schema-graph">{"@context":"https:\/\/schema.org","@graph":[{"@type":"WebPage","@id":"https:\/\/flordeliz.com\/product\/creta\/","url":"https:\/\/flordeliz.com\/product\/creta\/","name":"Diseño Floral Creta | Elegancia Natural en Flor de Liz","isPartOf":{"@id":"https:\/\/flordeliz.com\/#website"},"primaryImageOfPage":{"@id":"https:\/\/flordeliz.com\/product\/creta\/#primaryimage"},"image":{"@id":"https:\/\/flordeliz.com\/product\/creta\/#primaryimage"},"thumbnailUrl":"https:\/\/flordeliz.com\/wp-content\/uploads\/2025\/05\/2000-×-2000-Photoroom-15.webp","datePublished":"2025-05-30T19:50:33+00:00","dateModified":"2026-04-14T12:32:09+00:00","description":"El arreglo Creta combina colores y texturas de manera excepcional. Regale una pieza única de arte floral con la garantía de satisfacción de Flor de Liz","breadcrumb":{"@id":"https:\/\/flordeliz.com\/product\/creta\/#breadcrumb"},"inLanguage":"en-US","potentialAction":[{"@type":"ReadAction","target":["https:\/\/flordeliz.com\/product\/creta\/"]}]},{"@type":"ImageObject","inLanguage":"en-US","@id":"https:\/\/flordeliz.com\/product\/creta\/#primaryimage","url":"https:\/\/flordeliz.com\/wp-content\/uploads\/2025\/05\/2000-×-2000-Photoroom-15.webp","contentUrl":"https:\/\/flordeliz.com\/wp-content\/uploads\/2025\/05\/2000-×-2000-Photoroom-15.webp","width":2000,"height":2000},{"@type":"BreadcrumbList","@id":"https:\/\/flordeliz.com\/product\/creta\/#breadcrumb","itemListElement":[{"@type":"ListItem","position":1,"name":"Portada","item":"https:\/\/flordeliz.com\/"},{"@type":"ListItem","position":2,"name":"Shop","item":"https:\/\/flordeliz.com\/shop\/"},{"@type":"ListItem","position":3,"name":"Creta"}]},{"@type":"WebSite","@id":"https:\/\/flordeliz.com\/#website","url":"https:\/\/flordeliz.com\/","name":"Bienvenidos a Flor de Liz | Tienda virtual de Flores en Barranquilla","description":"La tienda de Flores con más prestigio en Barranquilla","publisher":{"@id":"https:\/\/flordeliz.com\/#organization"},"potentialAction":[{"@type":"SearchAction","target":{"@type":"EntryPoint","urlTemplate":"https:\/\/flordeliz.com\/?s={search_term_string}"},"query-input":{"@type":"PropertyValueSpecification","valueRequired":true,"valueName":"search_term_string"}}],"inLanguage":"en-US"},{"@type":"Organization","@id":"https:\/\/flordeliz.com\/#organization","name":"Bienvenidos a Flor de Liz | Tienda virtual de Flores en Barranquilla","url":"https:\/\/flordeliz.com\/","logo":{"@type":"ImageObject","inLanguage":"en-US","@id":"https:\/\/flordeliz.com\/#\/schema\/logo\/image\/","url":"https:\/\/flordeliz.com\/wp-content\/uploads\/2023\/09\/new-logo-flordeliz.png","contentUrl":"https:\/\/flordeliz.com\/wp-content\/uploads\/2023\/09\/new-logo-flordeliz.png","width":526,"height":448,"caption":"Bienvenidos a Flor de Liz | Tienda virtual de Flores en Barranquilla"},"image":{"@id":"https:\/\/flordeliz.com\/#\/schema\/logo\/image\/"},"sameAs":["https:\/\/www.facebook.com\/Flordelizbq","https:\/\/www.instagram.com\/flordelizbq\/"]}]}</script>
<!-- / Yoast SEO plugin. -->

Diseño Floral Creta | Elegancia Natural en Flor de Liz

El arreglo Creta combina colores y texturas de manera excepcional. Regale una pieza única de arte floral con la garantía de satisfacción de Flor de Liz

La tienda de Flores con más prestigio en Barranquilla
