{"id":30471,"date":"2024-07-03T21:30:53","date_gmt":"2024-07-03T21:30:53","guid":{"rendered":"https:\/\/flordeliz.com\/?post_type=product&#038;p=30471"},"modified":"2025-05-30T11:09:23","modified_gmt":"2025-05-30T16:09:23","slug":"vicky","status":"publish","type":"product","link":"https:\/\/flordeliz.com\/en\/product\/vicky\/","title":{"rendered":"Vicky"},"content":{"rendered":"<p>Hermosa caja elaborada con hortensias, rosas, lirios, boca de drag\u00f3n, cafeto, eucalipto y lazo en cinta de tela.<\/p>","protected":false},"excerpt":{"rendered":"<p class=\"\" data-start=\"90\" data-end=\"426\">Hermosa caja elaborada con hortensias, rosas en tonos naranjas, lirios naranjas, boca de drag\u00f3n morado, cafeto rojo, eucalipto y lazo en cinta de tela.<\/p>\n<p class=\"\" data-start=\"90\" data-end=\"426\">Una explosi\u00f3n de colores c\u00e1lidos y frescos que transmiten energ\u00eda, vitalidad y amor en cada detalle.<\/p>\n<p class=\"\" data-start=\"90\" data-end=\"426\">Perfecta para sorprender y expresar esos sentimientos que merecen ser recordados.<\/p>\n<p class=\"\" data-start=\"428\" data-end=\"452\"><em data-start=\"428\" data-end=\"452\">Caja y cinta sujeta a cambios seg\u00fan disponibilidad.<\/em><\/p>","protected":false},"featured_media":30473,"comment_status":"open","ping_status":"closed","template":"","meta":[],"product_brand":[],"product_cat":[170,175,156,172,178,161,141,151,231,154],"product_tag":[],"class_list":{"0":"post-30471","1":"product","2":"type-product","3":"status-publish","4":"has-post-thumbnail","6":"product_cat-aniversario","7":"product_cat-bienvenida","8":"product_cat-cajas-decoradas","9":"product_cat-cumpleanos","10":"product_cat-detalles","11":"product_cat-lirios","12":"product_cat-natural","13":"product_cat-primaverales","14":"product_cat-regalos","15":"product_cat-rosas-arreglos-naturales","18":"first","19":"instock","20":"shipping-taxable","21":"purchasable","22":"product-type-simple"},"yoast_head":"<!-- This site is optimized with the Yoast SEO plugin v27.5 - https:\/\/yoast.com\/product\/yoast-seo-wordpress\/ -->\n<title>Vicky \u2013 Flores Barranquilla | Flor de Liz<\/title>\n<meta name=\"description\" content=\"Vicky disponible en Flor de Liz, tu tienda de flores en Barranquilla. Arreglo floral ideal para aniversarios y ocasiones especiales\" \/>\n<meta name=\"robots\" content=\"index, follow, max-snippet:-1, max-image-preview:large, max-video-preview:-1\" \/>\n<link rel=\"canonical\" href=\"https:\/\/flordeliz.com\/en\/product\/vicky\/\" \/>\n<meta property=\"og:locale\" content=\"en_US\" \/>\n<meta property=\"og:type\" content=\"article\" \/>\n<meta property=\"og:title\" content=\"Vicky \u2013 Flores Barranquilla | Flor de Liz\" \/>\n<meta property=\"og:description\" content=\"Vicky disponible en Flor de Liz, tu tienda de flores en Barranquilla. Arreglo floral ideal para aniversarios y ocasiones especiales\" \/>\n<meta property=\"og:url\" content=\"https:\/\/flordeliz.com\/en\/product\/vicky\/\" \/>\n<meta property=\"og:site_name\" content=\"Bienvenidos a Flor de Liz | Tienda virtual de Flores en Barranquilla\" \/>\n<meta property=\"article:publisher\" content=\"https:\/\/www.facebook.com\/Flordelizbq\" \/>\n<meta property=\"article:modified_time\" content=\"2025-05-30T16:09:23+00:00\" \/>\n<meta property=\"og:image\" content=\"https:\/\/flordeliz.com\/wp-content\/uploads\/2024\/07\/Amazon-Photoroom-2024-04-04T183817.018-2.jpg\" \/>\n\t<meta property=\"og:image:width\" content=\"2000\" \/>\n\t<meta property=\"og:image:height\" content=\"2000\" \/>\n\t<meta property=\"og:image:type\" content=\"image\/jpeg\" \/>\n<meta name=\"twitter:card\" content=\"summary_large_image\" \/>\n<script type=\"application\/ld+json\" class=\"yoast-schema-graph\">{\"@context\":\"https:\\\/\\\/schema.org\",\"@graph\":[{\"@type\":\"WebPage\",\"@id\":\"https:\\\/\\\/flordeliz.com\\\/product\\\/vicky\\\/\",\"url\":\"https:\\\/\\\/flordeliz.com\\\/product\\\/vicky\\\/\",\"name\":\"Vicky \u2013 Flores Barranquilla | Flor de Liz\",\"isPartOf\":{\"@id\":\"https:\\\/\\\/flordeliz.com\\\/#website\"},\"primaryImageOfPage\":{\"@id\":\"https:\\\/\\\/flordeliz.com\\\/product\\\/vicky\\\/#primaryimage\"},\"image\":{\"@id\":\"https:\\\/\\\/flordeliz.com\\\/product\\\/vicky\\\/#primaryimage\"},\"thumbnailUrl\":\"https:\\\/\\\/flordeliz.com\\\/wp-content\\\/uploads\\\/2024\\\/07\\\/Amazon-Photoroom-2024-04-04T183817.018-2.webp\",\"datePublished\":\"2024-07-03T21:30:53+00:00\",\"dateModified\":\"2025-05-30T16:09:23+00:00\",\"description\":\"Vicky disponible en Flor de Liz, tu tienda de flores en Barranquilla. Arreglo floral ideal para aniversarios y ocasiones especiales\",\"breadcrumb\":{\"@id\":\"https:\\\/\\\/flordeliz.com\\\/product\\\/vicky\\\/#breadcrumb\"},\"inLanguage\":\"en-US\",\"potentialAction\":[{\"@type\":\"ReadAction\",\"target\":[\"https:\\\/\\\/flordeliz.com\\\/product\\\/vicky\\\/\"]}]},{\"@type\":\"ImageObject\",\"inLanguage\":\"en-US\",\"@id\":\"https:\\\/\\\/flordeliz.com\\\/product\\\/vicky\\\/#primaryimage\",\"url\":\"https:\\\/\\\/flordeliz.com\\\/wp-content\\\/uploads\\\/2024\\\/07\\\/Amazon-Photoroom-2024-04-04T183817.018-2.webp\",\"contentUrl\":\"https:\\\/\\\/flordeliz.com\\\/wp-content\\\/uploads\\\/2024\\\/07\\\/Amazon-Photoroom-2024-04-04T183817.018-2.webp\",\"width\":2000,\"height\":2000},{\"@type\":\"BreadcrumbList\",\"@id\":\"https:\\\/\\\/flordeliz.com\\\/product\\\/vicky\\\/#breadcrumb\",\"itemListElement\":[{\"@type\":\"ListItem\",\"position\":1,\"name\":\"Portada\",\"item\":\"https:\\\/\\\/flordeliz.com\\\/\"},{\"@type\":\"ListItem\",\"position\":2,\"name\":\"Shop\",\"item\":\"https:\\\/\\\/flordeliz.com\\\/shop\\\/\"},{\"@type\":\"ListItem\",\"position\":3,\"name\":\"Vicky\"}]},{\"@type\":\"WebSite\",\"@id\":\"https:\\\/\\\/flordeliz.com\\\/#website\",\"url\":\"https:\\\/\\\/flordeliz.com\\\/\",\"name\":\"Bienvenidos a Flor de Liz | Tienda virtual de Flores en Barranquilla\",\"description\":\"La tienda de Flores con m\u00e1s prestigio en Barranquilla\",\"publisher\":{\"@id\":\"https:\\\/\\\/flordeliz.com\\\/#organization\"},\"potentialAction\":[{\"@type\":\"SearchAction\",\"target\":{\"@type\":\"EntryPoint\",\"urlTemplate\":\"https:\\\/\\\/flordeliz.com\\\/?s={search_term_string}\"},\"query-input\":{\"@type\":\"PropertyValueSpecification\",\"valueRequired\":true,\"valueName\":\"search_term_string\"}}],\"inLanguage\":\"en-US\"},{\"@type\":\"Organization\",\"@id\":\"https:\\\/\\\/flordeliz.com\\\/#organization\",\"name\":\"Bienvenidos a Flor de Liz | Tienda virtual de Flores en Barranquilla\",\"url\":\"https:\\\/\\\/flordeliz.com\\\/\",\"logo\":{\"@type\":\"ImageObject\",\"inLanguage\":\"en-US\",\"@id\":\"https:\\\/\\\/flordeliz.com\\\/#\\\/schema\\\/logo\\\/image\\\/\",\"url\":\"https:\\\/\\\/flordeliz.com\\\/wp-content\\\/uploads\\\/2023\\\/09\\\/new-logo-flordeliz.png\",\"contentUrl\":\"https:\\\/\\\/flordeliz.com\\\/wp-content\\\/uploads\\\/2023\\\/09\\\/new-logo-flordeliz.png\",\"width\":526,\"height\":448,\"caption\":\"Bienvenidos a Flor de Liz | Tienda virtual de Flores en Barranquilla\"},\"image\":{\"@id\":\"https:\\\/\\\/flordeliz.com\\\/#\\\/schema\\\/logo\\\/image\\\/\"},\"sameAs\":[\"https:\\\/\\\/www.facebook.com\\\/Flordelizbq\",\"https:\\\/\\\/www.instagram.com\\\/flordelizbq\\\/\"]}]}<\/script>\n<!-- \/ Yoast SEO plugin. -->","yoast_head_json":{"title":"Vicky \u2013 Flores Barranquilla | Flor de Liz","description":"Vicky disponible en Flor de Liz, tu tienda de flores en Barranquilla. Arreglo floral ideal para aniversarios y ocasiones especiales","robots":{"index":"index","follow":"follow","max-snippet":"max-snippet:-1","max-image-preview":"max-image-preview:large","max-video-preview":"max-video-preview:-1"},"canonical":"https:\/\/flordeliz.com\/en\/product\/vicky\/","og_locale":"en_US","og_type":"article","og_title":"Vicky \u2013 Flores Barranquilla | Flor de Liz","og_description":"Vicky disponible en Flor de Liz, tu tienda de flores en Barranquilla. Arreglo floral ideal para aniversarios y ocasiones especiales","og_url":"https:\/\/flordeliz.com\/en\/product\/vicky\/","og_site_name":"Bienvenidos a Flor de Liz | Tienda virtual de Flores en Barranquilla","article_publisher":"https:\/\/www.facebook.com\/Flordelizbq","article_modified_time":"2025-05-30T16:09:23+00:00","og_image":[{"width":2000,"height":2000,"url":"https:\/\/flordeliz.com\/wp-content\/uploads\/2024\/07\/Amazon-Photoroom-2024-04-04T183817.018-2.jpg","type":"image\/jpeg"}],"twitter_card":"summary_large_image","schema":{"@context":"https:\/\/schema.org","@graph":[{"@type":"WebPage","@id":"https:\/\/flordeliz.com\/product\/vicky\/","url":"https:\/\/flordeliz.com\/product\/vicky\/","name":"Vicky \u2013 Flores Barranquilla | Flor de Liz","isPartOf":{"@id":"https:\/\/flordeliz.com\/#website"},"primaryImageOfPage":{"@id":"https:\/\/flordeliz.com\/product\/vicky\/#primaryimage"},"image":{"@id":"https:\/\/flordeliz.com\/product\/vicky\/#primaryimage"},"thumbnailUrl":"https:\/\/flordeliz.com\/wp-content\/uploads\/2024\/07\/Amazon-Photoroom-2024-04-04T183817.018-2.webp","datePublished":"2024-07-03T21:30:53+00:00","dateModified":"2025-05-30T16:09:23+00:00","description":"Vicky disponible en Flor de Liz, tu tienda de flores en Barranquilla. Arreglo floral ideal para aniversarios y ocasiones especiales","breadcrumb":{"@id":"https:\/\/flordeliz.com\/product\/vicky\/#breadcrumb"},"inLanguage":"en-US","potentialAction":[{"@type":"ReadAction","target":["https:\/\/flordeliz.com\/product\/vicky\/"]}]},{"@type":"ImageObject","inLanguage":"en-US","@id":"https:\/\/flordeliz.com\/product\/vicky\/#primaryimage","url":"https:\/\/flordeliz.com\/wp-content\/uploads\/2024\/07\/Amazon-Photoroom-2024-04-04T183817.018-2.webp","contentUrl":"https:\/\/flordeliz.com\/wp-content\/uploads\/2024\/07\/Amazon-Photoroom-2024-04-04T183817.018-2.webp","width":2000,"height":2000},{"@type":"BreadcrumbList","@id":"https:\/\/flordeliz.com\/product\/vicky\/#breadcrumb","itemListElement":[{"@type":"ListItem","position":1,"name":"Portada","item":"https:\/\/flordeliz.com\/"},{"@type":"ListItem","position":2,"name":"Shop","item":"https:\/\/flordeliz.com\/shop\/"},{"@type":"ListItem","position":3,"name":"Vicky"}]},{"@type":"WebSite","@id":"https:\/\/flordeliz.com\/#website","url":"https:\/\/flordeliz.com\/","name":"Bienvenidos a Flor de Liz | Tienda virtual de Flores en Barranquilla","description":"La tienda de Flores con m\u00e1s prestigio en Barranquilla","publisher":{"@id":"https:\/\/flordeliz.com\/#organization"},"potentialAction":[{"@type":"SearchAction","target":{"@type":"EntryPoint","urlTemplate":"https:\/\/flordeliz.com\/?s={search_term_string}"},"query-input":{"@type":"PropertyValueSpecification","valueRequired":true,"valueName":"search_term_string"}}],"inLanguage":"en-US"},{"@type":"Organization","@id":"https:\/\/flordeliz.com\/#organization","name":"Bienvenidos a Flor de Liz | Tienda virtual de Flores en Barranquilla","url":"https:\/\/flordeliz.com\/","logo":{"@type":"ImageObject","inLanguage":"en-US","@id":"https:\/\/flordeliz.com\/#\/schema\/logo\/image\/","url":"https:\/\/flordeliz.com\/wp-content\/uploads\/2023\/09\/new-logo-flordeliz.png","contentUrl":"https:\/\/flordeliz.com\/wp-content\/uploads\/2023\/09\/new-logo-flordeliz.png","width":526,"height":448,"caption":"Bienvenidos a Flor de Liz | Tienda virtual de Flores en Barranquilla"},"image":{"@id":"https:\/\/flordeliz.com\/#\/schema\/logo\/image\/"},"sameAs":["https:\/\/www.facebook.com\/Flordelizbq","https:\/\/www.instagram.com\/flordelizbq\/"]}]}},"_links":{"self":[{"href":"https:\/\/flordeliz.com\/en\/wp-json\/wp\/v2\/product\/30471","targetHints":{"allow":["GET"]}}],"collection":[{"href":"https:\/\/flordeliz.com\/en\/wp-json\/wp\/v2\/product"}],"about":[{"href":"https:\/\/flordeliz.com\/en\/wp-json\/wp\/v2\/types\/product"}],"replies":[{"embeddable":true,"href":"https:\/\/flordeliz.com\/en\/wp-json\/wp\/v2\/comments?post=30471"}],"wp:featuredmedia":[{"embeddable":true,"href":"https:\/\/flordeliz.com\/en\/wp-json\/wp\/v2\/media\/30473"}],"wp:attachment":[{"href":"https:\/\/flordeliz.com\/en\/wp-json\/wp\/v2\/media?parent=30471"}],"wp:term":[{"taxonomy":"product_brand","embeddable":true,"href":"https:\/\/flordeliz.com\/en\/wp-json\/wp\/v2\/product_brand?post=30471"},{"taxonomy":"product_cat","embeddable":true,"href":"https:\/\/flordeliz.com\/en\/wp-json\/wp\/v2\/product_cat?post=30471"},{"taxonomy":"product_tag","embeddable":true,"href":"https:\/\/flordeliz.com\/en\/wp-json\/wp\/v2\/product_tag?post=30471"}],"curies":[{"name":"wp","href":"https:\/\/api.w.org\/{rel}","templated":true}]}}

<p>Hermosa caja elaborada con hortensias, rosas, lirios, boca de dragón, cafeto, eucalipto y lazo en cinta de tela.</p>

<p class="" data-start="90" data-end="426">Hermosa caja elaborada con hortensias, rosas en tonos naranjas, lirios naranjas, boca de dragón morado, cafeto rojo, eucalipto y lazo en cinta de tela.</p>
<p class="" data-start="90" data-end="426">Una explosión de colores cálidos y frescos que transmiten energía, vitalidad y amor en cada detalle.</p>
<p class="" data-start="90" data-end="426">Perfecta para sorprender y expresar esos sentimientos que merecen ser recordados.</p>
<p class="" data-start="428" data-end="452"><em data-start="428" data-end="452">Caja y cinta sujeta a cambios según disponibilidad.</em></p>

<!-- This site is optimized with the Yoast SEO plugin v27.5 - https://yoast.com/product/yoast-seo-wordpress/ -->
<title>Vicky – Flores Barranquilla | Flor de Liz</title>
<meta name="description" content="Vicky disponible en Flor de Liz, tu tienda de flores en Barranquilla. Arreglo floral ideal para aniversarios y ocasiones especiales" />
<meta name="robots" content="index, follow, max-snippet:-1, max-image-preview:large, max-video-preview:-1" />
<link rel="canonical" href="https://flordeliz.com/en/product/vicky/" />
<meta property="og:locale" content="en_US" />
<meta property="og:type" content="article" />
<meta property="og:title" content="Vicky – Flores Barranquilla | Flor de Liz" />
<meta property="og:description" content="Vicky disponible en Flor de Liz, tu tienda de flores en Barranquilla. Arreglo floral ideal para aniversarios y ocasiones especiales" />
<meta property="og:url" content="https://flordeliz.com/en/product/vicky/" />
<meta property="og:site_name" content="Bienvenidos a Flor de Liz | Tienda virtual de Flores en Barranquilla" />
<meta property="article:publisher" content="https://www.facebook.com/Flordelizbq" />
<meta property="article:modified_time" content="2025-05-30T16:09:23+00:00" />
<meta property="og:image" content="https://flordeliz.com/wp-content/uploads/2024/07/Amazon-Photoroom-2024-04-04T183817.018-2.jpg" />
	<meta property="og:image:width" content="2000" />
	<meta property="og:image:height" content="2000" />
	<meta property="og:image:type" content="image/jpeg" />
<meta name="twitter:card" content="summary_large_image" />
<script type="application/ld+json" class="yoast-schema-graph">{"@context":"https:\/\/schema.org","@graph":[{"@type":"WebPage","@id":"https:\/\/flordeliz.com\/product\/vicky\/","url":"https:\/\/flordeliz.com\/product\/vicky\/","name":"Vicky – Flores Barranquilla | Flor de Liz","isPartOf":{"@id":"https:\/\/flordeliz.com\/#website"},"primaryImageOfPage":{"@id":"https:\/\/flordeliz.com\/product\/vicky\/#primaryimage"},"image":{"@id":"https:\/\/flordeliz.com\/product\/vicky\/#primaryimage"},"thumbnailUrl":"https:\/\/flordeliz.com\/wp-content\/uploads\/2024\/07\/Amazon-Photoroom-2024-04-04T183817.018-2.webp","datePublished":"2024-07-03T21:30:53+00:00","dateModified":"2025-05-30T16:09:23+00:00","description":"Vicky disponible en Flor de Liz, tu tienda de flores en Barranquilla. Arreglo floral ideal para aniversarios y ocasiones especiales","breadcrumb":{"@id":"https:\/\/flordeliz.com\/product\/vicky\/#breadcrumb"},"inLanguage":"en-US","potentialAction":[{"@type":"ReadAction","target":["https:\/\/flordeliz.com\/product\/vicky\/"]}]},{"@type":"ImageObject","inLanguage":"en-US","@id":"https:\/\/flordeliz.com\/product\/vicky\/#primaryimage","url":"https:\/\/flordeliz.com\/wp-content\/uploads\/2024\/07\/Amazon-Photoroom-2024-04-04T183817.018-2.webp","contentUrl":"https:\/\/flordeliz.com\/wp-content\/uploads\/2024\/07\/Amazon-Photoroom-2024-04-04T183817.018-2.webp","width":2000,"height":2000},{"@type":"BreadcrumbList","@id":"https:\/\/flordeliz.com\/product\/vicky\/#breadcrumb","itemListElement":[{"@type":"ListItem","position":1,"name":"Portada","item":"https:\/\/flordeliz.com\/"},{"@type":"ListItem","position":2,"name":"Shop","item":"https:\/\/flordeliz.com\/shop\/"},{"@type":"ListItem","position":3,"name":"Vicky"}]},{"@type":"WebSite","@id":"https:\/\/flordeliz.com\/#website","url":"https:\/\/flordeliz.com\/","name":"Bienvenidos a Flor de Liz | Tienda virtual de Flores en Barranquilla","description":"La tienda de Flores con más prestigio en Barranquilla","publisher":{"@id":"https:\/\/flordeliz.com\/#organization"},"potentialAction":[{"@type":"SearchAction","target":{"@type":"EntryPoint","urlTemplate":"https:\/\/flordeliz.com\/?s={search_term_string}"},"query-input":{"@type":"PropertyValueSpecification","valueRequired":true,"valueName":"search_term_string"}}],"inLanguage":"en-US"},{"@type":"Organization","@id":"https:\/\/flordeliz.com\/#organization","name":"Bienvenidos a Flor de Liz | Tienda virtual de Flores en Barranquilla","url":"https:\/\/flordeliz.com\/","logo":{"@type":"ImageObject","inLanguage":"en-US","@id":"https:\/\/flordeliz.com\/#\/schema\/logo\/image\/","url":"https:\/\/flordeliz.com\/wp-content\/uploads\/2023\/09\/new-logo-flordeliz.png","contentUrl":"https:\/\/flordeliz.com\/wp-content\/uploads\/2023\/09\/new-logo-flordeliz.png","width":526,"height":448,"caption":"Bienvenidos a Flor de Liz | Tienda virtual de Flores en Barranquilla"},"image":{"@id":"https:\/\/flordeliz.com\/#\/schema\/logo\/image\/"},"sameAs":["https:\/\/www.facebook.com\/Flordelizbq","https:\/\/www.instagram.com\/flordelizbq\/"]}]}</script>
<!-- / Yoast SEO plugin. -->

La tienda de Flores con más prestigio en Barranquilla
