{"id":30416,"date":"2024-06-28T16:36:47","date_gmt":"2024-06-28T16:36:47","guid":{"rendered":"https:\/\/flordeliz.com\/?post_type=product&#038;p=30416"},"modified":"2025-05-12T11:05:50","modified_gmt":"2025-05-12T16:05:50","slug":"rita","status":"publish","type":"product","link":"https:\/\/flordeliz.com\/en\/product\/rita\/","title":{"rendered":"Rita"},"content":{"rendered":"<p><span data-sheets-root=\"1\" data-sheets-value=\"{&quot;1&quot;:2,&quot;2&quot;:&quot;Arreglo elaborado en rosas, gipsi, gips\u00f3filias, rusgo, aster, helecho cuero y base de vidrio. *Base sujeta a cambio segun disponibilidad*&quot;}\" data-sheets-userformat=\"{&quot;2&quot;:513,&quot;3&quot;:{&quot;1&quot;:0},&quot;12&quot;:0}\">Arreglo elaborado en rosas, gipsi, gips\u00f3filias, rusgo, asther, helecho cuero y base de vidrio.<\/span><\/p>","protected":false},"excerpt":{"rendered":"<article class=\"text-token-text-primary w-full\" dir=\"auto\" data-testid=\"conversation-turn-112\" data-scroll-anchor=\"true\">\n<div class=\"text-base my-auto mx-auto py-5 [--thread-content-margin:--spacing(4)] @[37rem]:[--thread-content-margin:--spacing(6)] @[70rem]:[--thread-content-margin:--spacing(12)] px-(--thread-content-margin)\">\n<div class=\"[--thread-content-max-width:32rem] @[34rem]:[--thread-content-max-width:40rem] @[64rem]:[--thread-content-max-width:48rem] mx-auto flex max-w-(--thread-content-max-width) flex-1 text-base gap-4 md:gap-5 lg:gap-6 group\/turn-messages focus-visible:outline-hidden\" tabindex=\"-1\">\n<div class=\"group\/conversation-turn relative flex w-full min-w-0 flex-col agent-turn\">\n<div class=\"relative flex-col gap-1 md:gap-3\">\n<div class=\"flex max-w-full flex-col grow\">\n<div class=\"min-h-8 text-message relative flex w-full flex-col items-end gap-2 text-start break-words whitespace-normal [.text-message+&amp;]:mt-5\" dir=\"auto\" data-message-author-role=\"assistant\" data-message-id=\"2d51b5ad-efc4-4931-8458-adc706794101\" data-message-model-slug=\"gpt-4o-mini\">\n<div class=\"flex w-full flex-col gap-1 empty:hidden first:pt-[3px]\">\n<div class=\"markdown prose dark:prose-invert w-full break-words dark\">\n<p class=\"\" data-start=\"0\" data-end=\"185\">Hermoso arreglo elaborado con rosas rosadas, gips\u00f3filas moradas, delicada gips\u00f3filia, rusgo, \u00e1ster y helecho cuero, dispuesto en una elegante base de vidrio que realza su belleza.<\/p>\n<p class=\"\" data-start=\"212\" data-end=\"399\">Este arreglo es perfecto para a\u00f1adir un toque suave y elegante a cualquier espacio, ideal para momentos especiales como cumplea\u00f1os, aniversarios o como detalle \u00fanico para alguien querido.<\/p>\n<\/div>\n<\/div>\n<\/div>\n<\/div>\n<\/div>\n<\/div>\n<\/div>\n<\/div>\n<\/article>\n<div class=\"pointer-events-none h-px w-px\" aria-hidden=\"true\" data-edge=\"true\"><em data-start=\"187\" data-end=\"210\">Base sujeta a cambios seg\u00fan disponibilidad.<\/em><\/div>\n","protected":false},"featured_media":30417,"comment_status":"open","ping_status":"closed","template":"","meta":[],"product_brand":[],"product_cat":[175,178,171,151,177,154,173],"product_tag":[],"class_list":{"0":"post-30416","1":"product","2":"type-product","3":"status-publish","4":"has-post-thumbnail","6":"product_cat-bienvenida","7":"product_cat-detalles","8":"product_cat-dia-de-las-madres","9":"product_cat-primaverales","10":"product_cat-quinceaneros","11":"product_cat-rosas-arreglos-naturales","12":"product_cat-amor-y-amistad","15":"first","16":"instock","17":"shipping-taxable","18":"purchasable","19":"product-type-simple"},"yoast_head":"<!-- This site is optimized with the Yoast SEO plugin v27.5 - https:\/\/yoast.com\/product\/yoast-seo-wordpress\/ -->\n<title>Rita \u2013 Flores Barranquilla | Flor de Liz<\/title>\n<meta name=\"description\" content=\"Rita disponible en Flor de Liz, tu tienda de flores en Barranquilla. Arreglo floral ideal para aniversarios y ocasiones especiales\" \/>\n<meta name=\"robots\" content=\"index, follow, max-snippet:-1, max-image-preview:large, max-video-preview:-1\" \/>\n<link rel=\"canonical\" href=\"https:\/\/flordeliz.com\/en\/product\/rita\/\" \/>\n<meta property=\"og:locale\" content=\"en_US\" \/>\n<meta property=\"og:type\" content=\"article\" \/>\n<meta property=\"og:title\" content=\"Rita \u2013 Flores Barranquilla | Flor de Liz\" \/>\n<meta property=\"og:description\" content=\"Rita disponible en Flor de Liz, tu tienda de flores en Barranquilla. Arreglo floral ideal para aniversarios y ocasiones especiales\" \/>\n<meta property=\"og:url\" content=\"https:\/\/flordeliz.com\/en\/product\/rita\/\" \/>\n<meta property=\"og:site_name\" content=\"Bienvenidos a Flor de Liz | Tienda virtual de Flores en Barranquilla\" \/>\n<meta property=\"article:publisher\" content=\"https:\/\/www.facebook.com\/Flordelizbq\" \/>\n<meta property=\"article:modified_time\" content=\"2025-05-12T16:05:50+00:00\" \/>\n<meta property=\"og:image\" content=\"https:\/\/flordeliz.com\/wp-content\/uploads\/2024\/06\/Amazon-Photoroom-2024-06-17T145114.250.jpg\" \/>\n\t<meta property=\"og:image:width\" content=\"2000\" \/>\n\t<meta property=\"og:image:height\" content=\"2000\" \/>\n\t<meta property=\"og:image:type\" content=\"image\/jpeg\" \/>\n<meta name=\"twitter:card\" content=\"summary_large_image\" \/>\n<script type=\"application\/ld+json\" class=\"yoast-schema-graph\">{\"@context\":\"https:\\\/\\\/schema.org\",\"@graph\":[{\"@type\":\"WebPage\",\"@id\":\"https:\\\/\\\/flordeliz.com\\\/product\\\/rita\\\/\",\"url\":\"https:\\\/\\\/flordeliz.com\\\/product\\\/rita\\\/\",\"name\":\"Rita \u2013 Flores Barranquilla | Flor de Liz\",\"isPartOf\":{\"@id\":\"https:\\\/\\\/flordeliz.com\\\/#website\"},\"primaryImageOfPage\":{\"@id\":\"https:\\\/\\\/flordeliz.com\\\/product\\\/rita\\\/#primaryimage\"},\"image\":{\"@id\":\"https:\\\/\\\/flordeliz.com\\\/product\\\/rita\\\/#primaryimage\"},\"thumbnailUrl\":\"https:\\\/\\\/flordeliz.com\\\/wp-content\\\/uploads\\\/2024\\\/06\\\/Amazon-Photoroom-2024-06-17T145114.250.webp\",\"datePublished\":\"2024-06-28T16:36:47+00:00\",\"dateModified\":\"2025-05-12T16:05:50+00:00\",\"description\":\"Rita disponible en Flor de Liz, tu tienda de flores en Barranquilla. Arreglo floral ideal para aniversarios y ocasiones especiales\",\"breadcrumb\":{\"@id\":\"https:\\\/\\\/flordeliz.com\\\/product\\\/rita\\\/#breadcrumb\"},\"inLanguage\":\"en-US\",\"potentialAction\":[{\"@type\":\"ReadAction\",\"target\":[\"https:\\\/\\\/flordeliz.com\\\/product\\\/rita\\\/\"]}]},{\"@type\":\"ImageObject\",\"inLanguage\":\"en-US\",\"@id\":\"https:\\\/\\\/flordeliz.com\\\/product\\\/rita\\\/#primaryimage\",\"url\":\"https:\\\/\\\/flordeliz.com\\\/wp-content\\\/uploads\\\/2024\\\/06\\\/Amazon-Photoroom-2024-06-17T145114.250.webp\",\"contentUrl\":\"https:\\\/\\\/flordeliz.com\\\/wp-content\\\/uploads\\\/2024\\\/06\\\/Amazon-Photoroom-2024-06-17T145114.250.webp\",\"width\":2000,\"height\":2000},{\"@type\":\"BreadcrumbList\",\"@id\":\"https:\\\/\\\/flordeliz.com\\\/product\\\/rita\\\/#breadcrumb\",\"itemListElement\":[{\"@type\":\"ListItem\",\"position\":1,\"name\":\"Portada\",\"item\":\"https:\\\/\\\/flordeliz.com\\\/\"},{\"@type\":\"ListItem\",\"position\":2,\"name\":\"Shop\",\"item\":\"https:\\\/\\\/flordeliz.com\\\/shop\\\/\"},{\"@type\":\"ListItem\",\"position\":3,\"name\":\"Rita\"}]},{\"@type\":\"WebSite\",\"@id\":\"https:\\\/\\\/flordeliz.com\\\/#website\",\"url\":\"https:\\\/\\\/flordeliz.com\\\/\",\"name\":\"Bienvenidos a Flor de Liz | Tienda virtual de Flores en Barranquilla\",\"description\":\"La tienda de Flores con m\u00e1s prestigio en Barranquilla\",\"publisher\":{\"@id\":\"https:\\\/\\\/flordeliz.com\\\/#organization\"},\"potentialAction\":[{\"@type\":\"SearchAction\",\"target\":{\"@type\":\"EntryPoint\",\"urlTemplate\":\"https:\\\/\\\/flordeliz.com\\\/?s={search_term_string}\"},\"query-input\":{\"@type\":\"PropertyValueSpecification\",\"valueRequired\":true,\"valueName\":\"search_term_string\"}}],\"inLanguage\":\"en-US\"},{\"@type\":\"Organization\",\"@id\":\"https:\\\/\\\/flordeliz.com\\\/#organization\",\"name\":\"Bienvenidos a Flor de Liz | Tienda virtual de Flores en Barranquilla\",\"url\":\"https:\\\/\\\/flordeliz.com\\\/\",\"logo\":{\"@type\":\"ImageObject\",\"inLanguage\":\"en-US\",\"@id\":\"https:\\\/\\\/flordeliz.com\\\/#\\\/schema\\\/logo\\\/image\\\/\",\"url\":\"https:\\\/\\\/flordeliz.com\\\/wp-content\\\/uploads\\\/2023\\\/09\\\/new-logo-flordeliz.png\",\"contentUrl\":\"https:\\\/\\\/flordeliz.com\\\/wp-content\\\/uploads\\\/2023\\\/09\\\/new-logo-flordeliz.png\",\"width\":526,\"height\":448,\"caption\":\"Bienvenidos a Flor de Liz | Tienda virtual de Flores en Barranquilla\"},\"image\":{\"@id\":\"https:\\\/\\\/flordeliz.com\\\/#\\\/schema\\\/logo\\\/image\\\/\"},\"sameAs\":[\"https:\\\/\\\/www.facebook.com\\\/Flordelizbq\",\"https:\\\/\\\/www.instagram.com\\\/flordelizbq\\\/\"]}]}<\/script>\n<!-- \/ Yoast SEO plugin. -->","yoast_head_json":{"title":"Rita \u2013 Flores Barranquilla | Flor de Liz","description":"Rita disponible en Flor de Liz, tu tienda de flores en Barranquilla. Arreglo floral ideal para aniversarios y ocasiones especiales","robots":{"index":"index","follow":"follow","max-snippet":"max-snippet:-1","max-image-preview":"max-image-preview:large","max-video-preview":"max-video-preview:-1"},"canonical":"https:\/\/flordeliz.com\/en\/product\/rita\/","og_locale":"en_US","og_type":"article","og_title":"Rita \u2013 Flores Barranquilla | Flor de Liz","og_description":"Rita disponible en Flor de Liz, tu tienda de flores en Barranquilla. Arreglo floral ideal para aniversarios y ocasiones especiales","og_url":"https:\/\/flordeliz.com\/en\/product\/rita\/","og_site_name":"Bienvenidos a Flor de Liz | Tienda virtual de Flores en Barranquilla","article_publisher":"https:\/\/www.facebook.com\/Flordelizbq","article_modified_time":"2025-05-12T16:05:50+00:00","og_image":[{"width":2000,"height":2000,"url":"https:\/\/flordeliz.com\/wp-content\/uploads\/2024\/06\/Amazon-Photoroom-2024-06-17T145114.250.jpg","type":"image\/jpeg"}],"twitter_card":"summary_large_image","schema":{"@context":"https:\/\/schema.org","@graph":[{"@type":"WebPage","@id":"https:\/\/flordeliz.com\/product\/rita\/","url":"https:\/\/flordeliz.com\/product\/rita\/","name":"Rita \u2013 Flores Barranquilla | Flor de Liz","isPartOf":{"@id":"https:\/\/flordeliz.com\/#website"},"primaryImageOfPage":{"@id":"https:\/\/flordeliz.com\/product\/rita\/#primaryimage"},"image":{"@id":"https:\/\/flordeliz.com\/product\/rita\/#primaryimage"},"thumbnailUrl":"https:\/\/flordeliz.com\/wp-content\/uploads\/2024\/06\/Amazon-Photoroom-2024-06-17T145114.250.webp","datePublished":"2024-06-28T16:36:47+00:00","dateModified":"2025-05-12T16:05:50+00:00","description":"Rita disponible en Flor de Liz, tu tienda de flores en Barranquilla. Arreglo floral ideal para aniversarios y ocasiones especiales","breadcrumb":{"@id":"https:\/\/flordeliz.com\/product\/rita\/#breadcrumb"},"inLanguage":"en-US","potentialAction":[{"@type":"ReadAction","target":["https:\/\/flordeliz.com\/product\/rita\/"]}]},{"@type":"ImageObject","inLanguage":"en-US","@id":"https:\/\/flordeliz.com\/product\/rita\/#primaryimage","url":"https:\/\/flordeliz.com\/wp-content\/uploads\/2024\/06\/Amazon-Photoroom-2024-06-17T145114.250.webp","contentUrl":"https:\/\/flordeliz.com\/wp-content\/uploads\/2024\/06\/Amazon-Photoroom-2024-06-17T145114.250.webp","width":2000,"height":2000},{"@type":"BreadcrumbList","@id":"https:\/\/flordeliz.com\/product\/rita\/#breadcrumb","itemListElement":[{"@type":"ListItem","position":1,"name":"Portada","item":"https:\/\/flordeliz.com\/"},{"@type":"ListItem","position":2,"name":"Shop","item":"https:\/\/flordeliz.com\/shop\/"},{"@type":"ListItem","position":3,"name":"Rita"}]},{"@type":"WebSite","@id":"https:\/\/flordeliz.com\/#website","url":"https:\/\/flordeliz.com\/","name":"Bienvenidos a Flor de Liz | Tienda virtual de Flores en Barranquilla","description":"La tienda de Flores con m\u00e1s prestigio en Barranquilla","publisher":{"@id":"https:\/\/flordeliz.com\/#organization"},"potentialAction":[{"@type":"SearchAction","target":{"@type":"EntryPoint","urlTemplate":"https:\/\/flordeliz.com\/?s={search_term_string}"},"query-input":{"@type":"PropertyValueSpecification","valueRequired":true,"valueName":"search_term_string"}}],"inLanguage":"en-US"},{"@type":"Organization","@id":"https:\/\/flordeliz.com\/#organization","name":"Bienvenidos a Flor de Liz | Tienda virtual de Flores en Barranquilla","url":"https:\/\/flordeliz.com\/","logo":{"@type":"ImageObject","inLanguage":"en-US","@id":"https:\/\/flordeliz.com\/#\/schema\/logo\/image\/","url":"https:\/\/flordeliz.com\/wp-content\/uploads\/2023\/09\/new-logo-flordeliz.png","contentUrl":"https:\/\/flordeliz.com\/wp-content\/uploads\/2023\/09\/new-logo-flordeliz.png","width":526,"height":448,"caption":"Bienvenidos a Flor de Liz | Tienda virtual de Flores en Barranquilla"},"image":{"@id":"https:\/\/flordeliz.com\/#\/schema\/logo\/image\/"},"sameAs":["https:\/\/www.facebook.com\/Flordelizbq","https:\/\/www.instagram.com\/flordelizbq\/"]}]}},"_links":{"self":[{"href":"https:\/\/flordeliz.com\/en\/wp-json\/wp\/v2\/product\/30416","targetHints":{"allow":["GET"]}}],"collection":[{"href":"https:\/\/flordeliz.com\/en\/wp-json\/wp\/v2\/product"}],"about":[{"href":"https:\/\/flordeliz.com\/en\/wp-json\/wp\/v2\/types\/product"}],"replies":[{"embeddable":true,"href":"https:\/\/flordeliz.com\/en\/wp-json\/wp\/v2\/comments?post=30416"}],"wp:featuredmedia":[{"embeddable":true,"href":"https:\/\/flordeliz.com\/en\/wp-json\/wp\/v2\/media\/30417"}],"wp:attachment":[{"href":"https:\/\/flordeliz.com\/en\/wp-json\/wp\/v2\/media?parent=30416"}],"wp:term":[{"taxonomy":"product_brand","embeddable":true,"href":"https:\/\/flordeliz.com\/en\/wp-json\/wp\/v2\/product_brand?post=30416"},{"taxonomy":"product_cat","embeddable":true,"href":"https:\/\/flordeliz.com\/en\/wp-json\/wp\/v2\/product_cat?post=30416"},{"taxonomy":"product_tag","embeddable":true,"href":"https:\/\/flordeliz.com\/en\/wp-json\/wp\/v2\/product_tag?post=30416"}],"curies":[{"name":"wp","href":"https:\/\/api.w.org\/{rel}","templated":true}]}}

<p><span data-sheets-root="1" data-sheets-value="{&quot;1&quot;:2,&quot;2&quot;:&quot;Arreglo elaborado en rosas, gipsi, gipsófilias, rusgo, aster, helecho cuero y base de vidrio. *Base sujeta a cambio segun disponibilidad*&quot;}" data-sheets-userformat="{&quot;2&quot;:513,&quot;3&quot;:{&quot;1&quot;:0},&quot;12&quot;:0}">Arreglo elaborado en rosas, gipsi, gipsófilias, rusgo, asther, helecho cuero y base de vidrio.</span></p>

<article class="text-token-text-primary w-full" dir="auto" data-testid="conversation-turn-112" data-scroll-anchor="true">
<div class="text-base my-auto mx-auto py-5 [--thread-content-margin:--spacing(4)] @[37rem]:[--thread-content-margin:--spacing(6)] @[70rem]:[--thread-content-margin:--spacing(12)] px-(--thread-content-margin)">
<div class="[--thread-content-max-width:32rem] @[34rem]:[--thread-content-max-width:40rem] @[64rem]:[--thread-content-max-width:48rem] mx-auto flex max-w-(--thread-content-max-width) flex-1 text-base gap-4 md:gap-5 lg:gap-6 group/turn-messages focus-visible:outline-hidden" tabindex="-1">
<div class="group/conversation-turn relative flex w-full min-w-0 flex-col agent-turn">
<div class="relative flex-col gap-1 md:gap-3">
<div class="flex max-w-full flex-col grow">
<div class="min-h-8 text-message relative flex w-full flex-col items-end gap-2 text-start break-words whitespace-normal [.text-message+&amp;]:mt-5" dir="auto" data-message-author-role="assistant" data-message-id="2d51b5ad-efc4-4931-8458-adc706794101" data-message-model-slug="gpt-4o-mini">
<div class="flex w-full flex-col gap-1 empty:hidden first:pt-[3px]">
<div class="markdown prose dark:prose-invert w-full break-words dark">
<p class="" data-start="0" data-end="185">Hermoso arreglo elaborado con rosas rosadas, gipsófilas moradas, delicada gipsófilia, rusgo, áster y helecho cuero, dispuesto en una elegante base de vidrio que realza su belleza.</p>
<p class="" data-start="212" data-end="399">Este arreglo es perfecto para añadir un toque suave y elegante a cualquier espacio, ideal para momentos especiales como cumpleaños, aniversarios o como detalle único para alguien querido.</p>
</div>
</div>
</div>
</div>
</div>
</div>
</div>
</div>
</article>
<div class="pointer-events-none h-px w-px" aria-hidden="true" data-edge="true"><em data-start="187" data-end="210">Base sujeta a cambios según disponibilidad.</em></div>

<!-- This site is optimized with the Yoast SEO plugin v27.5 - https://yoast.com/product/yoast-seo-wordpress/ -->
<title>Rita – Flores Barranquilla | Flor de Liz</title>
<meta name="description" content="Rita disponible en Flor de Liz, tu tienda de flores en Barranquilla. Arreglo floral ideal para aniversarios y ocasiones especiales" />
<meta name="robots" content="index, follow, max-snippet:-1, max-image-preview:large, max-video-preview:-1" />
<link rel="canonical" href="https://flordeliz.com/en/product/rita/" />
<meta property="og:locale" content="en_US" />
<meta property="og:type" content="article" />
<meta property="og:title" content="Rita – Flores Barranquilla | Flor de Liz" />
<meta property="og:description" content="Rita disponible en Flor de Liz, tu tienda de flores en Barranquilla. Arreglo floral ideal para aniversarios y ocasiones especiales" />
<meta property="og:url" content="https://flordeliz.com/en/product/rita/" />
<meta property="og:site_name" content="Bienvenidos a Flor de Liz | Tienda virtual de Flores en Barranquilla" />
<meta property="article:publisher" content="https://www.facebook.com/Flordelizbq" />
<meta property="article:modified_time" content="2025-05-12T16:05:50+00:00" />
<meta property="og:image" content="https://flordeliz.com/wp-content/uploads/2024/06/Amazon-Photoroom-2024-06-17T145114.250.jpg" />
	<meta property="og:image:width" content="2000" />
	<meta property="og:image:height" content="2000" />
	<meta property="og:image:type" content="image/jpeg" />
<meta name="twitter:card" content="summary_large_image" />
<script type="application/ld+json" class="yoast-schema-graph">{"@context":"https:\/\/schema.org","@graph":[{"@type":"WebPage","@id":"https:\/\/flordeliz.com\/product\/rita\/","url":"https:\/\/flordeliz.com\/product\/rita\/","name":"Rita – Flores Barranquilla | Flor de Liz","isPartOf":{"@id":"https:\/\/flordeliz.com\/#website"},"primaryImageOfPage":{"@id":"https:\/\/flordeliz.com\/product\/rita\/#primaryimage"},"image":{"@id":"https:\/\/flordeliz.com\/product\/rita\/#primaryimage"},"thumbnailUrl":"https:\/\/flordeliz.com\/wp-content\/uploads\/2024\/06\/Amazon-Photoroom-2024-06-17T145114.250.webp","datePublished":"2024-06-28T16:36:47+00:00","dateModified":"2025-05-12T16:05:50+00:00","description":"Rita disponible en Flor de Liz, tu tienda de flores en Barranquilla. Arreglo floral ideal para aniversarios y ocasiones especiales","breadcrumb":{"@id":"https:\/\/flordeliz.com\/product\/rita\/#breadcrumb"},"inLanguage":"en-US","potentialAction":[{"@type":"ReadAction","target":["https:\/\/flordeliz.com\/product\/rita\/"]}]},{"@type":"ImageObject","inLanguage":"en-US","@id":"https:\/\/flordeliz.com\/product\/rita\/#primaryimage","url":"https:\/\/flordeliz.com\/wp-content\/uploads\/2024\/06\/Amazon-Photoroom-2024-06-17T145114.250.webp","contentUrl":"https:\/\/flordeliz.com\/wp-content\/uploads\/2024\/06\/Amazon-Photoroom-2024-06-17T145114.250.webp","width":2000,"height":2000},{"@type":"BreadcrumbList","@id":"https:\/\/flordeliz.com\/product\/rita\/#breadcrumb","itemListElement":[{"@type":"ListItem","position":1,"name":"Portada","item":"https:\/\/flordeliz.com\/"},{"@type":"ListItem","position":2,"name":"Shop","item":"https:\/\/flordeliz.com\/shop\/"},{"@type":"ListItem","position":3,"name":"Rita"}]},{"@type":"WebSite","@id":"https:\/\/flordeliz.com\/#website","url":"https:\/\/flordeliz.com\/","name":"Bienvenidos a Flor de Liz | Tienda virtual de Flores en Barranquilla","description":"La tienda de Flores con más prestigio en Barranquilla","publisher":{"@id":"https:\/\/flordeliz.com\/#organization"},"potentialAction":[{"@type":"SearchAction","target":{"@type":"EntryPoint","urlTemplate":"https:\/\/flordeliz.com\/?s={search_term_string}"},"query-input":{"@type":"PropertyValueSpecification","valueRequired":true,"valueName":"search_term_string"}}],"inLanguage":"en-US"},{"@type":"Organization","@id":"https:\/\/flordeliz.com\/#organization","name":"Bienvenidos a Flor de Liz | Tienda virtual de Flores en Barranquilla","url":"https:\/\/flordeliz.com\/","logo":{"@type":"ImageObject","inLanguage":"en-US","@id":"https:\/\/flordeliz.com\/#\/schema\/logo\/image\/","url":"https:\/\/flordeliz.com\/wp-content\/uploads\/2023\/09\/new-logo-flordeliz.png","contentUrl":"https:\/\/flordeliz.com\/wp-content\/uploads\/2023\/09\/new-logo-flordeliz.png","width":526,"height":448,"caption":"Bienvenidos a Flor de Liz | Tienda virtual de Flores en Barranquilla"},"image":{"@id":"https:\/\/flordeliz.com\/#\/schema\/logo\/image\/"},"sameAs":["https:\/\/www.facebook.com\/Flordelizbq","https:\/\/www.instagram.com\/flordelizbq\/"]}]}</script>
<!-- / Yoast SEO plugin. -->

La tienda de Flores con más prestigio en Barranquilla
